3/6 - 7*p**2 + 1. Let k be (-108)/(-18)*(-3 + 46/12). Calculate o(k).
13
Let o = 31401 + -31421. Let h(k) = -k**3 - 20*k**2 + k + 30. Determine h(o).
10
Let k = 217 + -211. Let y(w) = 21*w - k*w - 7*w - 9*w + 5. Give y(10).
-5
Let l(p) = -p**3 - 19*p**2 - 18*p - 3. Let g(r) = r**2 + 12*r - 18. Let j be g(0). Determine l(j).
-3
Let l be ((-8)/(-3) - 2)*9. Suppose -l*c + 16 = -2*c. Let r(q) = c - 34*q**2 - 18*q + 33*q**2 + 21*q. Determine r(5).
-6
Let k(w) = -20*w + 7. Let d(l) = 60*l - 20. Let q(v) = 6*d(v) + 17*k(v). Let m(n) = -n**2 - 31*n + 65. Let b be m(-33). Calculate q(b).
-21
Let m(g) = g + 4. Let c be ((-390)/(-52))/(5/40). Let q(a) = -a**3 + 7*a**2 - 6*a + 7. Let f be q(6). Suppose -c = -u + f*u. Calculate m(u).
-6
Let p = 41 - 36. Suppose 3*s = -9, 3*s - p = 3*q - 56. Let u(o) = -q - 3*o - 5*o**3 + 6*o**3 + 8*o - 4*o. Give u(0).
-14
Let x(n) = -40*n + 34. Let u(o) = 4*o + 9. Let k(m) = -9*u(m) - x(m). Give k(24).
-19
Let b(a) = 200*a - 2804. Let j be b(14). Let u(k) = k**3 + 2*k**2 - 3*k + 19. What is u(j)?
-1
Let t(s) = 3 + 0*s**3 - 2*s + 3*s + 26440*s**2 + s**3 - 26445*s**2. Let d be (-27)/(-6) + 2/(-4). Give t(d).
-9
Let y(g) = 1. Let k(u) = -8*u - 2. Let b be (0 + 3 + -1)/(-2). Suppose 0 = -r + 19 - 18. Let s(a) = b*k(a) + r*y(a). Give s(-2).
-13
Let b be (27/(-21) - -1)/(3/21). Let d be (-10)/b*1 - (3 + -3). Suppose 11*v - 18 = d*v. Let o(s) = s - 7. Give o(v).
-4
Let c(y) = 10*y + 6. Let x = 20809 - 20822. Give c(x).
-124
Let t(j) be the first derivative of 3*j**2 - 24*j - 617. Give t(6).
12
Let c(a) = -296*a - 13. Let t be c(-1). Let x(f) = -7 - 6*f**2 - t*f + 146*f - f**3 + 136*f. Determine x(-6).
-1
Let j(i) = -i**2 + 11*i - 11. Let q(p) = -p**2 - 20*p - 9. Let s be (-1)/2*(-42)/(-21) + -18. Let u be q(s). Give j(u).
-1
Let n(o) = o**3 - 3*o**2 + 6. Let i(b) = 35*b**2 + 458*b + 45. Let j be i(-13). What is n(j)?
114
Let q(u) = 4*u. Let k(z) = -6*z - 5. Let d(a) = -4*k(a) - 5*q(a). What is d(-4)?
4
Let u(j) = j - 2574*j**2 - 4 + 1313*j**2 + 1287*j**2. Determine u(2).
102
Let i be 1696/(-160) - (-24)/(-10). Let x(j) = -j**3 - 13*j**2 - 6*j - 19. Determine x(i).
59
Let k(d) be the second derivative of -5*d**3/2 - 89*d**2/2 - 223*d - 6. Determine k(-5).
-14
Let r(k) = -k**2 - 8*k - 2. Let i = -14 + 12. Let v = i - 5. Let x be r(v). Let s(c) = c**3 - 5*c**2 - c - 6. Give s(x).
-11
Let v(y) = -y**2 - 8*y - 16. Let c be v(-8). Let h(l) = 5*l + 84. Let i be h(c). Let b(o) = o - 6. Calculate b(i).
-2
Let p(h) = h**2 + 15*h + 19. Let j be 30/(5 + -6 + (-4)/(-5 - -9)). Calculate p(j).
19
Suppose -141*u + 145*u + 48 = 0. Let h(f) = f**2 + 8*f - 51. What is h(u)?
-3
Let f(s) = -20*s - 40. Let d be f(-6). Let r(h) = 1 + 177*h - d*h - 92*h. Calculate r(1).
6
Let j = 29/126 + 17/63. Let y(x) be the second derivative of 0 - 1/3*x**3 + 1/20*x**5 + j*x**2 - 1/2*x**4 + 7*x. Calculate y(6).
-11
Let t(g) = -g. Let y(r) = -254 + 131 + 129 - r - 4*r. Let k(c) = 3*t(c) - y(c). Determine k(4).
2
Suppose 2*h = -h + 21. Let z(c) be the first derivative of 2*c**3 - 86 + 7*c - 1/4*c**4 + 5/2*c**2. What is z(h)?
-7
Let k(y) = -4*y**2 + 3*y + 8. Let q(l) be the second derivative of -11*l**4/12 + 5*l**3/3 + 23*l**2/2 - 23*l - 2. Let n(i) = 8*k(i) - 3*q(i). Determine n(6).
-5
Let j(b) = 2*b**3 - 68*b**2 + 2*b - 65. Let u be j(34). Let r(c) = 0 + 8 - 11*c**2 + 3 + c**3 + 14*c - c - u. Determine r(10).
38
Suppose 0 = -14*a + 9*a - 305. Let j = a - -5. Let k = 56 + j. Let z(p) = -p - 6. Determine z(k).
-6
Let a(t) = t - 12. Suppose -3*s = -2*c - 5, 2*s = -0*s - 2*c. Let u be (2/(-2) - -2)*(-3 + 3). Let m be (1 - s)/(-17 - -15) - u. Determine a(m).
-12
Suppose 0 = 3*l + 334 - 340. Let m be (3/(-12) + (-22)/(-8))*l. Let v be (-10 + -5)*(-3)/m. Let z(j) = j**3 - 10*j**2 + 9*j - 3. What is z(v)?
-3
Let y(t) = t**3 - 8*t**2 - 4*t + 4. Let d(b) be the first derivative of 3*b**4/4 - 17*b**3/3 - 4*b**2 + 7*b + 90. Let n(c) = -2*d(c) + 5*y(c). Calculate n(-6).
30
Let w = -65 - -70. Let p(u) = 94*u**2 - 66*u**2 + 4 - 29*u**2 + u. What is p(w)?
-16
Let c = 10 - 13. Let t(k) be the second derivative of 1/6*k**3 - 3*k + 0 - 3/2*k**2 + 5/12*k**4 + 1/20*k**5. Give t(c).
12
Let y(v) = -2*v**2 + 36*v + 59. Let x(d) = -2*d**2 + 38*d + 59. Let h(b) = -5*x(b) + 4*y(b). What is h(24)?
-11
Let a(s) = 13*s - 1. Suppose -4*v + 48 = 4*h, 2*h - 2*v = v + 44. Suppose 9 - h = -7*y. Give a(y).
12
Let k(c) = 7*c - c - 2 + 2*c - 5*c - c**2. Let j be (0 + -2)*15/10. Let u = j - -5. Determine k(u).
0
Let h(t) = 6*t**3 + 2*t**2 - 3*t + 1. Let w(c) = 17*c**3 + 10*c**2 + 7. Let j(d) = -3*h(d) + w(d). Give j(-3).
40
Suppose -8*x = -3*x - 10. Suppose 0 = -3*q - x - 4, 0 = -f - 2*q + 18. Let g = 20 - f. Let a(n) = n**3 + 3*n**2 + n + 1. Calculate a(g).
3
Let x be (-4)/14 - (4 - 174/21). Let m(l) = l - 1. Let q(z) = -4*z + 3. Let j(s) = 5*m(s) + q(s). Give j(x).
2
Let a(l) be the first derivative of -1/20*l**6 + 1/24*l**4 - 6*l**3 - 8 + 0*l**5 + 0*l**2 + 0*l. Let w(q) be the third derivative of a(q). Calculate w(-1).
-17
Let f(u) = 70*u**3 + u**2 - 3*u + 2. Suppose -309*k + 304*k - 10 = 3*i, -2*k = -4*i - 22. What is f(k)?
70
Let b(s) = -18*s**3 + 12*s**2 - s + 1. Let p(d) = -9*d**3 + 5*d**2. Suppose 5*l + 11 = -g, 54*g - 51*g + 3 = 0. Let m(u) = l*b(u) + 5*p(u). Calculate m(1).
-8
Let x(u) be the first derivative of 3*u**2/2 - 2*u + 8609. Suppose -3*b + j = -2, b + 2*b = -3*j + 6. What is x(b)?
1
Let r(a) = a**2 - 24*a - 521. Let b be r(38). Let j(q) = 2*q**2 - 16*q - 76. Calculate j(b).
-10
Let o(q) = -2*q**2 - 51*q - 221. Let a be o(-20). Let f(d) = d - d**2 + d**3 - 5*d - 1 + 3*d. Give f(a).
-2
Let k(a) = -9 - 4*a + 7*a + 60 + 0. Determine k(-14).
9
Let w(p) be the first derivative of 15*p**2/2 - 156*p - 622. Give w(11).
9
Suppose 155 = -40*n + 173 - 258. Let a(b) = -b**3 - 6*b**2 - 2*b - 22. Calculate a(n).
-10
Suppose 20*b - 218 + 198 = 0. Let t(x) = x**2 - x + 4. Calculate t(b).
4
Let o(x) = -x**2 + 13*x + 10. Let g(i) be the first derivative of -4*i**3/3 + 53*i**2/2 + 39*i - 120. Let s(l) = 2*g(l) - 9*o(l). What is s(12)?
0
Let t(h) = 4*h + 100. Let j(u) = 22*u + 593. Let r(c) = j(c) - 6*t(c). Suppose 0 = -5*g - 3*f - 15, -50 = 5*g - 0*g - 4*f. Give r(g).
5
Let c = 5587 - 5585. Let s(g) = -5*g**2 + 5*g + 7. Give s(c).
-3
Let p(b) be the second derivative of -b**5/120 - 5*b**4/12 - 2*b**3/3 + 3*b**2/2 + b - 22. Let j(r) be the second derivative of p(r). Give j(-11).
1
Let p(b) = -6*b**2 + 3*b - 6. Let v(z) = 68*z**2 - 36*z + 68. Let t(a) = -23*p(a) - 2*v(a). What is t(-6)?
56
Let p(q) = -q**2 + 2*q - 4. Let v(z) = -4*z**2 + 7*z - 15. Let u = 341 + -233. Let d be u/48 + (-1)/4. Let x(l) = d*v(l) - 9*p(l). Calculate x(4).
6
Let t be 5/((-49)/(-18) - 10/45). Let s(o) = 32*o**t - 23*o**2 - 2 - 8*o**2. Give s(-2).
2
Let v(s) = -5*s + 93. Let c be v(9). Let x be (-51)/(-8) + (-18)/c. Let u(l) = l**3 - 5*l**2 - 8*l + 8. Give u(x).
-4
Let c(f) = 2*f + 6. Let i(s) = s - 5. Let x(w) = 7*w + 2. Let t(z) = -i(z) - x(z). Let g be ((-2)/4)/((-1)/2). Let r be t(g). Calculate c(r).
-4
Let v(i) = 40*i - 85 - 45*i + 292. What is v(41)?
2
Let s(w) = -5*w + 3. Let j be ((-35)/(-10))/(-7) - 2/(-4). Suppose -v - 20 = 2*c + 4*v, 2*c + 4*v + 16 = j. Suppose -7*g + 13 + 1 = c. Determine s(g).
-7
Let g(m) = 28*m - 170. Let a be g(8). Let h(k) = -45 + 96 + 2*k - a. Suppose -13 = -3*i - 1. Give h(i).
5
Let y(t) = -t - 3. Let v = 3108 - 3095. What is y(v)?
-16
Let w(k) = 2*k + 1108. Let i(s) = 478. Let o(a) = -14*i(a) + 6*w(a). Calculate o(6).
28
Let r(s) be the second derivative of -5/2*s**2 - 1/4*s**4 - 2 - 1/20*s**5 + 1/3*s**3 - 3*s. Give r(-4).
3
Let j(a) be the second derivative of a**6/360 - a**4/6 + 5*a**3 - 3*a + 1. Let o(b) be the second derivative of j(b). Calculate o(0).
-4
Let s(t) = -3*t + 50. Let f(l) = 4*l - 64. Let j(w) = 4*f(w) + 5*s(w). Give j(5).
-1
Let d(x) = -x**2 - 2*x - 2. Let m be (0/(-1))/((-3)/(-3) + -2). Suppose m = p - y + 5, -5*p - 1 - 16 = -y. What is d(p)?
-5
Let i(g) be the first derivative of 3*g**4/2 + 2*g**3/3 + 3*g**2/2 + g + 260. Calculate i(-2).
-45
Suppose -3*s = -4*k - 9, 780 = -4*k - 4*s + 736. Let x(u) = -4*u**2 - 12*u + 2. Determine x(k).
-70
Let v(c) = 46*c + 2446 - 1205 - 1244. Determine v(2).
89
Let b(g) = g**2 + 6. Let k(r) = -2*r**2 - 11. Suppose 5*a = 4*a + 59. Suppose